e the highest common factor of 873 and 2259.
9
What is the greatest common divisor of 72 and 17120?
8
What is the greatest common factor of 1230 and 1095?
15
What is the highest common divisor of 716417 and 13?
13
What is the greatest common divisor of 30481 and 8639?
163
What is the greatest common divisor of 6 and 633273?
3
What is the greatest common factor of 16 and 78791?
1
What is the greatest common factor of 3263 and 202808?
251
Calculate the highest common divisor of 2278 and 74.
2
Calculate the greatest common divisor of 774970 and 70.
70
What is the highest common divisor of 5988 and 11388?
12
What is the greatest common factor of 96554 and 115?
23
Calculate the greatest common factor of 21689 and 164.
41
What is the highest common divisor of 43957 and 1017?
113
Calculate the greatest common factor of 532644 and 816.
204
What is the greatest common factor of 21522 and 6?
6
What is the greatest common factor of 25960 and 3080?
440
What is the highest common factor of 742 and 30051?
371
Calculate the greatest common factor of 1294214 and 172.
86
What is the greatest common divisor of 5106 and 11408?
46
What is the greatest common divisor of 69 and 3236169?
69
What is the greatest common divisor of 3165 and 24870?
15
What is the greatest common factor of 84480 and 825?
165
What is the highest common divisor of 84 and 1136226?
42
What is the greatest common factor of 1176 and 104352?
24
Calculate the highest common factor of 42 and 21188.
2
Calculate the greatest common factor of 1988 and 47215.
497
What is the highest common divisor of 77 and 8481?
11
What is the highest common factor of 13149 and 61849?
487
Calculate the greatest common factor of 1144490 and 50.
10
What is the highest common divisor of 63750 and 7718?
34
Calculate the greatest common factor of 284 and 1188824.
284
Calculate the highest common factor of 5520 and 46.
46
Calculate the highest common factor of 345140 and 20.
20
Calculate the highest common divisor of 379386 and 70.
14
Calculate the greatest common factor of 1120 and 1612320.
160
Calculate the greatest common divisor of 36494 and 2272.
142
Calculate the greatest common factor of 273 and 32357.
13
What is the greatest common factor of 2764 and 76701?
691
What is the highest common divisor of 117 and 31811?
13
Calculate the highest common divisor of 12390 and 15222.
354
Calculate the highest common factor of 671500 and 680.
340
Calculate the greatest common divisor of 193 and 302431.
193
Calculate the greatest common divisor of 20677 and 257393.
713
What is the highest common divisor of 711 and 28282?
79
Calculate the greatest common divisor of 67626 and 208.
26
What is the highest common factor of 130394 and 44?
22
Calculate the highest common divisor of 609392 and 336.
112
Calculate the greatest common divisor of 5103 and 504.
63
Calculate the greatest common factor of 2 and 18815.
1
What is the highest common divisor of 432547 and 149?
149
Calculate the greatest common divisor of 16507512 and 24.
24
Calculate the greatest common divisor of 885 and 22361.
59
Calculate the greatest common divisor of 3958594 and 202.
202
What is the highest common factor of 17589 and 2673?
33
Calculate the highest common factor of 4046 and 342482.
238
What is the greatest common factor of 813373 and 33?
11
What is the greatest common factor of 1725520 and 640?
80
Calculate the greatest common divisor of 3423 and 247923.
489
Calculate the greatest common divisor of 11 and 292127.
11
Calculate the highest common factor of 315 and 400715.
35
What is the highest common factor of 352 and 506?
22
Calculate the highest common factor of 1736967 and 501.
501
Calculate the greatest common factor of 12488 and 112.
56
Calculate the greatest common divisor of 279 and 7936.
31
Calculate the highest common divisor of 11214 and 567.
63
Calculate the highest common divisor of 212005 and 5057.
389
What is the highest common divisor of 2277 and 2387?
11
Calculate the highest common factor of 1242 and 20792.
46
What is the greatest common factor of 29920 and 2750?
110
What is the greatest common divisor of 1820 and 3731?
91
What is the greatest common factor of 4342 and 7014?
334
Calculate the highest common divisor of 44690 and 1230.
410
Calculate the greatest common factor of 14 and 403032.
14
What is the greatest common divisor of 4056 and 24?
24
What is the greatest common divisor of 124 and 42098?
62
What is the highest common divisor of 238 and 23579?
17
What is the greatest common divisor of 2864 and 576?
16
Calculate the highest common factor of 224247 and 17.
17
What is the greatest common divisor of 154 and 281127?
77
Calculate the highest common divisor of 134126 and 398.
398
Calculate the highest common factor of 2 and 17421.
1
Calculate the highest common factor of 6257405 and 35.
35
Calculate the greatest common divisor of 957122 and 230.
46
Calculate the greatest common factor of 9 and 1135557.
9
What is the greatest common factor of 9405 and 839520?
495
Calculate the greatest common factor of 260552 and 16.
8
Calculate the greatest common divisor of 1746 and 486.
18
Calculate the highest common divisor of 20 and 242215.
5
What is the highest common divisor of 252 and 147?
21
Calculate the greatest common factor of 21948 and 17700.
708
What is the greatest common factor of 22801 and 18120?
151
Calculate the greatest common factor of 807 and 2511.
3
What is the greatest common factor of 603818 and 186?
62
Calculate the greatest common factor of 5213208 and 4340.
868
Calculate the greatest common factor of 124709 and 24804.
689
Calculate the highest common divisor of 4990 and 7330.
10
What is the highest common factor of 17459 and 395?
79
What is the greatest common divisor of 4104 and 16568?
152
What is the highest common divisor of 12698 and 441?
7
What is the greatest common divisor of 747 and 967365?
747
What is the greatest common divisor of 208648 and 110?
22
Calculate the highest common factor of 114630 and 150.
30
What is the greatest common divisor of 10152 and 5400?
216
Calculate the highest common factor of 28304 and 37816.
232
What is the greatest common divisor of 375268 and 10?
2
Calculate the greatest common factor of 113554 and 14.
14
Calculate the highest common divisor of 459 and 78336.
153
Calculate the highest common factor of 18501 and 378.
21
What is the greatest common divisor of 17610 and 80?
10
What is the highest common factor of 19680 and 384?
96
Calculate the highest common factor of 262562 and 106.
106
What is the highest common factor of 1382174 and 19?
19
Calculate the highest common divisor of 17114 and 86.
86
Calculate the highest common factor of 6002 and 14.
2
Calculate the greatest common divisor of 7794 and 1224.
18
Calculate the greatest common factor of 7041024 and 384.
384
Calculate the highest common factor of 1284 and 40874.
214
What is the highest common divisor of 5096 and 1768?
104
Calculate the greatest common factor of 95 and 14440.
95
Calculate the highest common factor of 17782 and 34.
34
Calculate the greatest common factor of 248856 and 312.
24
What is the greatest common divisor of 928 and 4576?
32
What is the highest common factor of 48106 and 7898?
718
Calculate the highest common factor of 1125 and 3345.
15
What is the greatest common factor of 10366 and 1207?
71
What is the greatest common factor of 843 and 12603693?
843
Calculate the greatest common factor of 9035 and 1937.
13
What is the greatest common factor of 2530 and 110?
110
What is the highest common divisor of 10404 and 108?
36
Calculate the highest common factor of 110 and 1010630.
10
Calculate the greatest common factor of 644 and 206908.
92
Calculate the greatest common divisor of 49770 and 22680.
630
What is the greatest common divisor of 187 and 199903?
187
What is the greatest common factor of 21282 and 18?
6
What is the greatest common factor of 305 and 221979?
61
Calculate the greatest common divisor of 16 and 6502.
2
What is the greatest common factor of 11994 and 10?
2
Calculate the greatest common divisor of 1900 and 2356.
76
Calculate the greatest common factor of 127128 and 504.
24
What is the highest common divisor of 132 and 31746?
66
Calculate the greatest common factor of 160 and 78160.
80
Calcu